5*m. What is the units digit of g?
4
Let g(m) = -m**2 + 6*m - 5. Let d be g(5). Suppose -10 = -f - d*f - j, -2*j - 1 = -f. What is the units digit of f?
7
Let l(o) = -o**2 + 5*o + 7. Let j be l(5). Let g be 4*2 - -2 - 0. Let m = g - j. What is the units digit of m?
3
Let k(s) = -s + 1. Let g(d) = 3*d - 3. Let i(x) = x + 6. Let h be i(8). Let n(u) = h*k(u) + 6*g(u). What is the units digit of n(3)?
8
Let q(n) = -n**2 + 5*n + 6. Let y be q(5). What is the units digit of -2 - 4*y/(-4)?
4
Suppose 0 = -4*i - 4*j + 172, -4*i + 167 = j + 10. What is the tens digit of i?
3
Suppose -3*v = 4*c + 8, 0 = 4*c + 2*v + 12. Let g = c + 14. What is the units digit of g?
9
Let d(j) = 2*j + 5 - 2 - 3*j. Let l be d(-8). Let f = l - 6. What is the units digit of f?
5
Let a(p) = -16*p + 10. Let x be a(-8). Let b = x + -97. What is the tens digit of b?
4
Let r(x) = -x**2. Let f(b) = 7*b**2 - 9*b + 3. Let p(m) = f(m) + 6*r(m). What is the units digit of p(11)?
5
Suppose -40 = -4*k + 5*o, -2*o + 12 = -5*o. What is the units digit of (-3)/(k/(-2) + 2)?
6
Suppose 0 = o - 36. Let i = o + -26. What is the units digit of 10/3*36/i?
2
Let q = -17 + 17. Suppose 6*x - x - 170 = q. What is the units digit of x?
4
Suppose 0 = -3*u + 4*l - 6 + 34, -2*u - l + 4 = 0. Suppose 0 = -u*c - 12, -c = -5*b - 6*c - 55. Let k(n) = -n**2 - 7*n + 10. What is the units digit of k(b)?
2
Let d(f) = -21*f - 1. Let l be d(-1). What is the units digit of (-45)/l*16/(-3)?
2
Suppose o + 0 = 4. Suppose 0 = -i + 2*i - o. What is the units digit of i?
4
Suppose 2*h + 16 + 14 = 0. Let z(j) = -5*j. Let x be z(5). Let q = h - x. What is the units digit of q?
0
Suppose -2*f - 3*x = 5 + 4, 0 = -2*f + 4*x + 12. Let v(y) = 2*y**3 - 5*y**3 + 3 + 4*y**3. What is the units digit of v(f)?
3
Let k(q) = 6*q - 12. What is the tens digit of k(5)?
1
Suppose x + 2*x + 9 = 0. Let n be (2 - 48/9)*x. Suppose 4*r = -r + n. What is the units digit of r?
2
Suppose 4*m = n + 2*n + 29, 4 = -2*n - 5*m. Let u = n + 13. Suppose -u*o - 5*y + 35 = -o, -4*o - 3*y = -24. What is the units digit of o?
3
Let c(u) = u**3 - 4*u**2 + u + 21. What is the hundreds digit of c(7)?
1
Suppose -3*p - 86 - 106 = 0. Let j be 10/(-25) - p/10. What is the units digit of 7 + j + 9/(-3)?
0
Let m be (-2)/3*(-12)/1. Suppose -3*j + m = j. Suppose -j*q + 5 = -q. What is the units digit of q?
5
Let t(s) = s**3 - 3*s**2 + 3*s - 4. Let j be t(3). Suppose 4*f - 7 = -b, 4*b = j*f - 3*f + 10. Suppose -b*a - 5 = -35. What is the units digit of a?
0
Let v(n) = n**3 + 6*n**2 - 6*n + 10. Let w be v(-7). Suppose 5*y + 13 - 58 = -3*q, w*y = 5*q - 41. Suppose 2*k = -0*k + q. What is the units digit of k?
5
Let y(d) = d - 1. Let g(k) be the first derivative of k**3/3 - 5*k**2/2 + k - 1. Let o be g(6). What is the units digit of y(o)?
6
Let d = 62 - 43. Let r be (-342)/(-45) + 3/(-5). Let l = d - r. What is the tens digit of l?
1
Let l(q) = -16*q**3 + q**2 + 2*q + 1. What is the tens digit of l(-1)?
1
Suppose 5*w - 3*w + 56 = 0. Let v be (-176)/w + 4/(-14). Let k(h) = -h**3 + 6*h**2 + 3. What is the units digit of k(v)?
3
What is the hundreds digit of 3/(-1*(-2)/212)?
3
Let a = 1 + 0. Let u be (a + -7)/(-6 - -5). What is the units digit of u/21 + 78/21?
4
Let b = 1 + 2. Suppose b*s + 0*n = 3*n + 6, -8 = -2*s - 2*n. What is the units digit of s?
3
Let t = 36 - 11. What is the tens digit of t?
2
Suppose 2*a = -5*q + 4*a + 17, -4*a + 16 = 0. Suppose -2*j = -3*r + 1, j + 3*r - 17 = q. What is the units digit of j?
7
Let f = 398 + -169. What is the tens digit of f?
2
Suppose -5*y + 2*g + 2 = 4*g, 4 = 3*y + 4*g. Suppose y = -4*n - 0*n + 12. What is the units digit of ((-3)/n)/(4/(-32))?
8
Let z(g) = -g**3 - 7*g**2 - 6*g + 2. Let u be z(-6). What is the units digit of u/(0 - -1)*6?
2
Let f(i) = -i**3 + 8*i**2 + 6*i. Let a be f(8). Let c be -10 + 8 - (-7 + -1). Suppose -c*j + 3*j = -a. What is the tens digit of j?
1
Let n(j) = -9*j - 4*j**3 - 9*j**2 + 2*j**2 + 3*j**3 - 4. What is the units digit of n(-6)?
4
Suppose 3*l = -2*r + 99, 5*r + 3*l - 298 + 55 = 0. What is the units digit of r?
8
Let y = -16 + 51. Let v = 58 - y. What is the tens digit of v?
2
Suppose 27 = 4*n - 2*o - 99, -4 = -4*o. What is the tens digit of n?
3
Let v = -87 + 254. What is the hundreds digit of v?
1
Suppose -4*z - z = 15. Let n be (-2)/(-9) - (-316)/36. Let y = n + z. What is the units digit of y?
6
Suppose 5*a = 4*w + 2*a - 360, 2*a + 364 = 4*w. What is the units digit of w?
3
Let g be -5*2/20*6. What is the tens digit of g/(3/(-20) + 0)?
2
Suppose -2*a - 2*n + 24 = 0, -2*a = -5*a - 5*n + 42. What is the units digit of 174/54 - 2/a?
3
Let b = 7 + -4. Suppose b*u + 5*l = -u + 46, 3*u - 52 = 5*l. What is the units digit of u?
4
Suppose 0 = -4*u + 6 + 14. Suppose -2*m - 5*y + 36 = 0, u*y + 0*y = 2*m - 16. What is the units digit of m?
3
Suppose 5*d + 9 = s + 44, -5*s = 4*d - 28. Let g(i) = -3*i + 12. Let x be g(4). Suppose x*a = a - d. What is the units digit of a?
7
Let s(z) = 2*z**2 - 27*z - 34. What is the units digit of s(16)?
6
Let s(l) = 74*l**2 + 3*l + 3. What is the tens digit of s(-1)?
7
Suppose -3*m + 12 = -7*m. Let k be (10/6)/5*m. Let j = k - -7. What is the units digit of j?
6
Suppose a - 31 = -5*l - 12, 5*a - 3*l + 45 = 0. What is the units digit of (-4)/a + 200/24?
9
Suppose 0 = 3*a + 2*a - 20. Suppose -4*r + 32 = -a*o, -3*r - 5*o = 11 - 3. Suppose -r*q - 1 = -5. What is the units digit of q?
1
Suppose 5*b = 745 - 80. What is the units digit of b?
3
Let y(q) = -q**3 + 8*q**2 - 3*q + 1. Let v(p) = -p**2 + 1. Let o(s) = 2*v(s) + y(s). What is the tens digit of o(5)?
1
Suppose -v - 8 = 2*o - 62, -17 = -o + 2*v. What is the units digit of o?
5
What is the tens digit of -7 + (-389)/(-7) - (-4)/(-7)?
4
What is the units digit of (1 + 54/(-10))*-10?
4
Suppose -19*h + 2140 = -2895. What is the hundreds digit of h?
2
Let s(z) = -15*z**3 - z**2 - z - 1. Suppose 0 = p - 2*o - 5, 8*p - 3*p - o = -2. What is the tens digit of s(p)?
1
Suppose 5*d + 3*x - 10 = 0, -2*x + 20 = 2*d - 4*x. Suppose -4*q = w - 63, -12 = -q - 3*w - w. Let m = q - d. What is the tens digit of m?
1
Let o(b) be the first derivative of b**2/2 + 7*b - 1. Let f(r) = r**3 - 3*r**2 - 2*r. Let p be f(3). What is the units digit of o(p)?
1
Let s(r) be the third derivative of -r**4/24 + r**3/6 + 3*r**2. What is the units digit of s(-4)?
5
Let y = -33 + 95. What is the units digit of y?
2
Let o = 14 - 10. Suppose -65 = -o*p + 15. What is the units digit of p?
0
What is the units digit of (-364)/6*(21/(-6) + 2)?
1
Let m be (-2)/5 - 94/(-10). Suppose c = 2*b - 2, m = 3*c + b - 2*b. Suppose -10 = -3*k + a - 3*a, 4*k = c*a. What is the units digit of k?
2
Suppose -3*h + 69 = 4*w, -11 - 7 = -w - h. Suppose 0*j = j - w. What is the units digit of j?
5
Let a be (-14)/8 + (-1)/4. What is the tens digit of a + 5 - (-1 + -31)?
3
Let r = 80 - 35. What is the tens digit of r?
4
Suppose 0 = m - 6 - 11. What is the units digit of m?
7
Suppose -4*b + 6 = -14. What is the tens digit of (-2)/b*(2 + -92)?
3
Let t = 8 - 4. Let s = -19 - -31. Suppose s = t*i - 4*q, 2*q - 5*q = 0. What is the units digit of i?
3
Let u(n) = 2*n**2 + 6*n + 5. Let a = -9 + 10. Let v = -5 + a. What is the tens digit of u(v)?
1
Let p be (-2 + -1)*25/(-15). Suppose -s = -5*h - p*s + 10, 4*h + 3*s = 7. What is the units digit of h/3 - (-5)/3?
1
Let u be (-2)/(-2*(-4)/(-24)). Suppose -4 = -4*i + 8. Let x = i + u. What is the units digit of x?
9
Let t = -2 - -10. Suppose -4*d + 28 = t. What is the units digit of d?
5
Suppose -25 = -2*u + 257. Suppose 0 = h + 4*h + x - 147, 5*h - 2*x = u. What is the units digit of h?
9
Suppose 2*m - 4 = -0*m. Suppose -2*l + m + 0 = 0. What is the units digit of l?
1
Let j be (-3)/15 - 16/(-5). Suppose -8*u + 32 = -4*u - 4*p, -4*p - 24 = -j*u. Let k = u - 3. What is the units digit of k?
5
Suppose -a - w + 2 = -2*a, -a + 4*w = 2. Let c be (2/(-2) - -1) + a. Let u(l) = -l**3 + 2*l**2 + 2*l - 1. What is the units digit of u(c)?
1
Suppose -4*s - h = -16, 4*s = h + 6 + 2. What is the units digit of s?
3
Suppose 4*c - 58 = c - 4*q, -66 = -5*c + q. What is the units digit of c?
4
Suppose -5*v = -3*v - 4*x - 304, -2*x = 4*v - 578. What is the tens digit of v?
4
Suppose -3*b + f - 21 = -8*b, 3*b - 9 = 3*f. Suppose 3*j + j - b = 0. What is the units digit o